{"id":104,"date":"2023-02-08T15:39:56","date_gmt":"2023-02-08T15:39:56","guid":{"rendered":"https:\/\/www.comune.sestri-levante.ge.it\/?post_type=unita_organizzativa&#038;p=104"},"modified":"2024-10-09T10:53:09","modified_gmt":"2024-10-09T08:53:09","slug":"servizi-alla-persona","status":"publish","type":"unita_organizzativa","link":"https:\/\/www.comune.sestri-levante.ge.it\/amministrazione\/unita_organizzativa\/servizi-alla-persona\/","title":{"rendered":"Servizi alla Persona"},"template":"","argomenti":[7,8,9,32,34,55],"tipi_unita_organizzativa":[235],"class_list":["post-104","unita_organizzativa","type-unita_organizzativa","status-publish","hentry","argomenti-assistenza-agli-invalidi","argomenti-assistenza-sociale","argomenti-associazioni","argomenti-integrazione-sociale","argomenti-istruzione","argomenti-tassa-sui-servizi"],"_edit_lock":"1728463852:2","_edit_last":"2","_dci_unita_organizzativa_descrizione_breve":"I Servizi alla Persona comprendono i Servizi Sociali, i servizi relativi a mensa e trasporto scolastico (Ufficio Scuola e Nidi), sport e politiche abitative","_dci_unita_organizzativa_competenze":"I Servizi alla Persona offrono prestazioni e interventi finalizzati a garantire i diritti di cittadinanza sociale, le pari opportunit\u00e0 e il contrasto alle disuguaglianze sociali con l\u2019obiettivo di prevenire, rimuovere o ridurre le condizioni di bisogno e di disagio individuale, familiare e comunitarie derivanti da inadeguatezza di reddito, difficolt\u00e0 nella gestione di s\u00e9 e del proprio nucleo familiare e condizioni di non autonomia. Lavorano in collaborazione con i servizi sanitari territoriali (consultorio familiare, neuropsichiatria infantile, dipartimento salute mentale e dipendenze, dipartimento cure primari) e con le associazioni e i soggetti del terzo settore con i quali creano sinergie per l\u2019attuazione di politiche attive in relazione a:\r\n<ul>\r\n \t<li>reinserimento sociale e socio lavorativo di soggetti fragili;\r\npromozione e sostegno alle capacit\u00e0 genitoriali;<\/li>\r\n \t<li>sostegno alla domiciliarit\u00e0 di soggetti con difficolt\u00e0 socio sanitarie anche con elevate complessit\u00e0 assistenziale;<\/li>\r\n \t<li>interventi di sostegno economico finalizzati al soddisfacimento dei bisogni primari;<\/li>\r\n \t<li>promozione di percorsi volti all\u2019inserimento scolastico e lavorativo, all\u2019assistenza e alla<\/li>\r\n \t<li>promozione dell\u2019autonomia di soggetti diversamente abili;<\/li>\r\n \t<li>promozione di contesti di socializzazione ed aggregazione;<\/li>\r\n \t<li>partecipazione attiva dei cittadini e delle loro forme associative alla realizzazione di servizi e attivit\u00e0 a favore della cittadinanza.<\/li>\r\n<\/ul>\r\nFanno parte dei Servizi alla persona anche gli uffici: <a href=\"https:\/\/www.comune.sestri-levante.ge.it\/amministrazione\/unita_organizzativa\/scuola-e-nidi\/\">Scuola e Nidi<\/a>, (mensa e trasporto scolastico, borse di studio, nido comunale e centri estivi), <a href=\"https:\/\/www.comune.sestri-levante.ge.it\/amministrazione\/unita_organizzativa\/sport\/\">Sport<\/a> e <a href=\"https:\/\/www.comune.sestri-levante.ge.it\/amministrazione\/unita_organizzativa\/ufficio-politiche-abitative\/\">Ufficio Politiche abitative<\/a>.","_dci_unita_organizzativa_assessore_riferimento":"2089","_dci_unita_organizzativa_persone_struttura":["107","3332","5539","5602"],"_dci_unita_organizzativa_sede_principale":"109","_dci_unita_organizzativa_altre_sedi":"","_dci_unita_organizzativa_contatti":["2186","2187","3954","3953","2179","2181","2191","2192","4087","5070","4092","4085","4086"],"_dci_unita_organizzativa_responsabile":["117"],"_wp_old_slug":"servizi-sociali","_dci_unita_organizzativa_codice_univoco_ufficio":"UFF_SERPER","_dci_unita_organizzativa_orario_ufficio":"https:\/\/www.comune.sestri-levante.ge.it\/vivere-il-comune\/luoghi\/piazza-della-repubblica-44\/#ancoraserper","_dci_unita_organizzativa_elenco_servizi_offerti":["131","4088","4089","4090","4107","5098","5068","5065","5071","5100","5101","4091","5147"],"_dci_unita_organizzativa_unita_organizzativa_genitore":["1154"],"_dci_unita_organizzativa_ulteriori_informazioni":"Pagine collegate:\r\n<ul>\r\n \t<li><a href=\"https:\/\/www.comune.sestri-levante.ge.it\/amministrazione\/unita_organizzativa\/ufficio-scuola-e-nidi\/\">Ufficio Scuola e nidi<\/a><\/li>\r\n \t<li><a href=\"https:\/\/www.comune.sestri-levante.ge.it\/amministrazione\/unita_organizzativa\/ufficio-sport\/\">Ufficio Sport<\/a><\/li>\r\n \t<li><a href=\"https:\/\/www.comune.sestri-levante.ge.it\/amministrazione\/unita_organizzativa\/ufficio-politiche-abitative\/\">Ufficio Politiche abitative<\/a><\/li>\r\n<\/ul>\r\nApprofondimenti:\r\n<ul>\r\n \t<li><a href=\"https:\/\/www.comune.sestri-levante.ge.it\/novita\/carta-dedicata-a-te-2024\/\">Carta \u201cDedicata a te\u201d 2024<\/a><\/li>\r\n<\/ul>","_dci_unita_organizzativa_allegati":"","_cdp_origin":"","_cdp_origin_site":"","_cdp_origin_title":"","_cdp_counter":"","_links":{"self":[{"href":"https:\/\/www.comune.sestri-levante.ge.it\/api\/wp\/v2\/unita_organizzative\/104","targetHints":{"allow":["GET"]}}],"collection":[{"href":"https:\/\/www.comune.sestri-levante.ge.it\/api\/wp\/v2\/unita_organizzative"}],"about":[{"href":"https:\/\/www.comune.sestri-levante.ge.it\/api\/wp\/v2\/types\/unita_organizzativa"}],"wp:attachment":[{"href":"https:\/\/www.comune.sestri-levante.ge.it\/api\/wp\/v2\/media?parent=104"}],"wp:term":[{"taxonomy":"argomenti","embeddable":true,"href":"https:\/\/www.comune.sestri-levante.ge.it\/api\/wp\/v2\/argomenti?post=104"},{"taxonomy":"tipi_unita_organizzativa","embeddable":true,"href":"https:\/\/www.comune.sestri-levante.ge.it\/api\/wp\/v2\/tipi_unita_organizzativa?post=104"}],"curies":[{"name":"wp","href":"https:\/\/api.w.org\/{rel}","templated":true}]}}

I Servizi alla Persona offrono prestazioni e interventi finalizzati a garantire i diritti di cittadinanza sociale, le pari opportunità e il contrasto alle disuguaglianze sociali con l’obiettivo di prevenire, rimuovere o ridurre le condizioni di bisogno e di disagio individuale, familiare e comunitarie derivanti da inadeguatezza di reddito, difficoltà nella gestione di sé e del proprio nucleo familiare e condizioni di non autonomia. Lavorano in collaborazione con i servizi sanitari territoriali (consultorio familiare, neuropsichiatria infantile, dipartimento salute mentale e dipendenze, dipartimento cure primari) e con le associazioni e i soggetti del terzo settore con i quali creano sinergie per l’attuazione di politiche attive in relazione a:
<ul>
 	<li>reinserimento sociale e socio lavorativo di soggetti fragili;
promozione e sostegno alle capacità genitoriali;</li>
 	<li>sostegno alla domiciliarità di soggetti con difficoltà socio sanitarie anche con elevate complessità assistenziale;</li>
 	<li>interventi di sostegno economico finalizzati al soddisfacimento dei bisogni primari;</li>
 	<li>promozione di percorsi volti all’inserimento scolastico e lavorativo, all’assistenza e alla</li>
 	<li>promozione dell’autonomia di soggetti diversamente abili;</li>
 	<li>promozione di contesti di socializzazione ed aggregazione;</li>
 	<li>partecipazione attiva dei cittadini e delle loro forme associative alla realizzazione di servizi e attività a favore della cittadinanza.</li>
</ul>
Fanno parte dei Servizi alla persona anche gli uffici: <a href="https://www.comune.sestri-levante.ge.it/amministrazione/unita_organizzativa/scuola-e-nidi/">Scuola e Nidi</a>, (mensa e trasporto scolastico, borse di studio, nido comunale e centri estivi), <a href="https://www.comune.sestri-levante.ge.it/amministrazione/unita_organizzativa/sport/">Sport</a> e <a href="https://www.comune.sestri-levante.ge.it/amministrazione/unita_organizzativa/ufficio-politiche-abitative/">Ufficio Politiche abitative</a>.
