{"id":5454,"date":"2024-04-19T09:04:20","date_gmt":"2024-04-19T08:04:20","guid":{"rendered":"https:\/\/www.comune.sestri-levante.ge.it\/?post_type=servizio&#038;p=5454"},"modified":"2025-05-20T10:50:24","modified_gmt":"2025-05-20T08:50:24","slug":"nido-dinfanzia-comunale-mario-lodi","status":"publish","type":"servizio","link":"https:\/\/www.comune.sestri-levante.ge.it\/servizio\/nido-dinfanzia-comunale-mario-lodi\/","title":{"rendered":"Nido d&#8217;infanzia comunale &#8220;Mario Lodi&#8221;"},"featured_media":0,"template":"","argomenti":[34],"categorie_servizio":[255],"eventi_vita_impresa":[],"eventi_vita_persone":[367],"class_list":["post-5454","servizio","type-servizio","status-publish","hentry","argomenti-istruzione","categorie_servizio-educazione-e-formazione","eventi_vita_persone-iscrizione-scuola-universita-e-o-richiesta-borsa-di-studio"],"cmb2":{"_dci_servizio_box_cosa_serve":{"_dci_servizio_cosa_serve_introduzione":"Compilare la domanda di iscrizione durante il periodo di apertura del bando.","_dci_servizio_cosa_serve_list":["SPID (sistema pubblico di identit\u00e0 digitale), carta d\u2019identit\u00e0 elettronica (CIE) o carta nazionale dei servizi (CNS).","Tutta la documentazione prevista per la presentazione della pratica. "]},"_dci_servizio_box_accedi_servizio":{"_dci_servizio_procedure_collegate":"Per informazioni su iscrizioni e agevolazioni contattare l\u2019ufficio <a href=\"https:\/\/www.comune.sestri-levante.ge.it\/amministrazione\/unita_organizzativa\/scuola-e-nidi\/\">Scuola e nidi<\/a>","_dci_servizio_canale_digitale_text":"sportello telematico","_dci_servizio_canale_digitale_label":"Richiedi online (nel periodo di apertura del bando)","_dci_servizio_canale_digitale_link":"https:\/\/servizieducativi.comune.sestri-levante.ge.it\/login","_dci_servizio_canale_fisico_text":"Oppure, puoi prenotare un appuntamento e presentarti presso gli uffici.","_dci_servizio_canale_fisico_uffici":["3429"],"_dci_servizio_vincoli":""}},"_edit_lock":"1747736352:14","_edit_last":"14","_dci_servizio_stato":"true","_dci_servizio_descrizione_breve":"ll nido d\u2019infanzia comunale \u201cMario Lodi\u201d accoglie bambini dai tre mesi fino ai tre anni di et\u00e0 e organizza anche un servizio estivo.","_dci_servizio_a_chi_e_rivolto":"Ai bambini tra i 3 e 36 mesi. I bambini frequentanti il nido che compiono tre anni prima della chiusura estiva hanno diritto a frequentare fino al termine dell\u2019anno di gestione.","_dci_servizio_come_fare":"Le iscrizioni al Nido d'infanzia comunale sono disponibili tramite Portale Cittadino online.\r\n\r\nRispetto a quanto dichiarato in sede di domanda di iscrizione saranno svolti dal Comune di Sestri Levante controlli a campione ai sensi del D.P.R. 445\/2000.","_dci_servizio_cosa_serve_introduzione":"Compilare la domanda di iscrizione durante il periodo di apertura del bando.","_dci_servizio_output":"L'iscrizione al Nido d'infanzia (in caso di esito positivo della procedura).","_dci_servizio_tempi_text":"Le iscrizioni al Nido d'infanzia comunale sono aperte ogni anno<strong>\u00a0<span style=\"text-decoration: underline\">dal 15 maggio e fino al 15 giugno<\/span>.<\/strong>\r\n\r\nDalla chiusura del bando, entro 30 giorni viene redatta la graduatoria per ciascuna sezione (bimbi piccoli-medi e medi-grandi) e ne viene data apposita comunicazione alle famiglie,\r\n\r\nanche al fine di definire con il personale educativo tempi e modalit\u00e0 di inizio frequenza al Nido.","_dci_servizio_costi":"Al fine di individuare la retta di frequenza \u00e8 possibile scaricare la <a href=\"https:\/\/www.comune.sestri-levante.ge.it\/wp-content\/uploads\/2025\/05\/TABELLA-RETTE-NIDO-25_26.pdf\">tabella dedicata alle rette<\/a>.\r\n\r\nSi precisa che le tariffe vengono annualmente approvate dalla Giunta Comunale e valgono per l'anno educativo che inizia dal mese di settembre.","_dci_servizio_procedure_collegate":"Per informazioni su iscrizioni e agevolazioni contattare l\u2019ufficio <a href=\"https:\/\/www.comune.sestri-levante.ge.it\/amministrazione\/unita_organizzativa\/scuola-e-nidi\/\">Scuola e nidi<\/a>","_dci_servizio_condizioni_servizio":"https:\/\/www.comune.sestri-levante.ge.it\/wp-content\/uploads\/2024\/03\/Termini-e-condizioni-di-servizio.pdf","_dci_servizio_punti_contatto":["5451","5452","2179","2181"],"_dci_servizio_unita_responsabile":"3429","_dci_servizio_codice_ente_erogatore":"c_i693","_dci_servizio_settore_merceologico":"","_dci_servizio_condizioni_servizio_id":"5099","_dci_servizio_sottotitolo":"","_dci_servizio_canale_fisico_text":"Oppure, puoi prenotare un appuntamento e presentarti presso gli uffici.","_dci_servizio_canale_digitale_text":"sportello telematico","_dci_servizio_canale_fisico_uffici":["3429"],"_dci_servizio_descrizione_estesa":"Il Nido d'Infanzia Comunale \u201cMario Lodi\u201d \u00e8 sito in Sestri Levante, via XX Settembre 39 e fa parte della rete dei servizi\u00a0educativi per la prima infanzia presenti sul territorio dell\u2019Ambito Territoriale Sociale n. 16.\r\n\r\nSi tratta di un servizio educativo e sociale che accoglie bambini dai tre mesi fino ai trentasei mesi di et\u00e0 e concorre con la famiglia alla crescita del bambino, promuovendo la condivisione fra genitori delle responsabilit\u00e0 di cura dei figli in un quadro di pari opportunit\u00e0.\r\n\r\nIl Nido offre ai bambini una molteplicit\u00e0 di proposte e attivit\u00e0 che valorizzano l\u2019esperienza\u00a0ludica, la possibilit\u00e0 di crescita, lo sviluppo delle potenzialit\u00e0 e la conquista di autonomia.\r\n\r\nIl Nido \u00e8 garantito alle famiglie 41 settimane all\u2019anno nel periodo tra settembre e luglio.\r\n\r\nDi norma annualmente nel mese di maggio vengono organizzati Open day per illustrare la struttura e le attivit\u00e0 offerte dal Nido.","_dci_servizio_copertura_geografica":"Comune di Sestri Levante","_dci_servizio_cosa_serve_list":["SPID (sistema pubblico di identit\u00e0 digitale), carta d\u2019identit\u00e0 elettronica (CIE) o carta nazionale dei servizi (CNS).","Tutta la documentazione prevista per la presentazione della pratica. "],"_dci_servizio_canale_digitale_label":"Richiedi online (nel periodo di apertura del bando)","_dci_servizio_documenti":"","_dci_servizio_ulteriori_informazioni":"<strong>Normativa<\/strong>\r\n<ul>\r\n \t<li><a href=\"https:\/\/www.regione.liguria.it\/homepage\/salute-e-sociale\/item\/15906-linee-guida-sugli-standard-strutturali,-organizzativi-e-qualitativi-dei-servizi-socioeducativi-per-la-prima-infanzia-delibera-222-2015_15906.html\">Delibera di Giunta Regionale n. 222 del 06\/03\/2015<\/a>\u00a0 a oggetto \u201cLinee guida sugli standard strutturali, organizzativi e qualitativi dei servizi socio-educativi per la prima infanzia, in attuazione dell\u2019art. 30, comma 1, lett. d) della l.r. 9 aprile 2009, n. 6\u201d e il relativo Allegato A<\/li>\r\n \t<li><a href=\"https:\/\/www.regione.liguria.it\/homepage\/salute-e-sociale\/item\/17581-dgr-1016-2017.html\">Delibera di Giunta Regionale\u00a0n. 1016 del 13\/12\/2017<\/a>\u00a0 \u201cIndirizzi regionali per il miglioramento della qualit\u00e0 dei servizi socio-educativi per la prima infanzia \u2013 di cui alla <a href=\"https:\/\/www.regione.liguria.it\/homepage\/salute-e-sociale\/item\/15906-linee-guida-sugli-standard-strutturali,-organizzativi-e-qualitativi-dei-servizi-socioeducativi-per-la-prima-infanzia-delibera-222-2015_15906.html\">Delibera di Giunta Regionale n. 222 del 06\/03\/2015<\/a>\u00a0 \u2013 in materia di aspetti sanitari, di igiene degli alimenti e igienico sanitari\u201d<\/li>\r\n<\/ul>\r\n&nbsp;\r\n\r\n<strong>Note informative:<\/strong>\r\n<ul>\r\n \t<li><a href=\"https:\/\/www.comune.sestri-levante.ge.it\/wp-content\/uploads\/2024\/04\/Note-informative-nido-dinfanzia-entrata-anticipata-e-uscita-posticipata-2025_2026.pdf\">Note informative nido d'infanzia entrata anticipata e uscita posticipata a. s. 2025-2026<\/a><\/li>\r\n \t<li><a href=\"https:\/\/www.comune.sestri-levante.ge.it\/wp-content\/uploads\/2024\/04\/Note-informative-nido-dinfanzia-nuove-iscrizioni-2025_2026.pdf\">Note informative nido d'infanzia nuove iscrizioni a. s. 2025-2026<\/a><\/li>\r\n \t<li><a href=\"https:\/\/www.comune.sestri-levante.ge.it\/wp-content\/uploads\/2024\/04\/Note-informative-riconferme-nido-dinfanzia-2025_2026.pdf\">Note informative riconferme nido d'infanzia a. s. 2025-2026<\/a><\/li>\r\n<\/ul>\r\n&nbsp;\r\n\r\n<em><a href=\"https:\/\/www.comune.sestri-levante.ge.it\/wp-content\/uploads\/2025\/05\/Carta-del-Servizio-Nido-dinfanzia-Mario-Lodi.pdf\"><strong>Carta del servizio<\/strong><\/a><\/em>","_dci_servizio_vincoli":"","_dci_servizio_canale_digitale_link":"https:\/\/servizieducativi.comune.sestri-levante.ge.it\/login","_dci_servizio_casi_particolari":"","_links":{"self":[{"href":"https:\/\/www.comune.sestri-levante.ge.it\/api\/wp\/v2\/servizi\/5454","targetHints":{"allow":["GET"]}}],"collection":[{"href":"https:\/\/www.comune.sestri-levante.ge.it\/api\/wp\/v2\/servizi"}],"about":[{"href":"https:\/\/www.comune.sestri-levante.ge.it\/api\/wp\/v2\/types\/servizio"}],"wp:attachment":[{"href":"https:\/\/www.comune.sestri-levante.ge.it\/api\/wp\/v2\/media?parent=5454"}],"wp:term":[{"taxonomy":"argomenti","embeddable":true,"href":"https:\/\/www.comune.sestri-levante.ge.it\/api\/wp\/v2\/argomenti?post=5454"},{"taxonomy":"categorie_servizio","embeddable":true,"href":"https:\/\/www.comune.sestri-levante.ge.it\/api\/wp\/v2\/categorie_servizio?post=5454"},{"taxonomy":"eventi_vita_impresa","embeddable":true,"href":"https:\/\/www.comune.sestri-levante.ge.it\/api\/wp\/v2\/eventi_vita_impresa?post=5454"},{"taxonomy":"eventi_vita_persone","embeddable":true,"href":"https:\/\/www.comune.sestri-levante.ge.it\/api\/wp\/v2\/eventi_vita_persone?post=5454"}],"curies":[{"name":"wp","href":"https:\/\/api.w.org\/{rel}","templated":true}]}}

SPID (sistema pubblico di identità digitale), carta d’identità elettronica (CIE) o carta nazionale dei servizi (CNS).

ll nido d’infanzia comunale “Mario Lodi” accoglie bambini dai tre mesi fino ai tre anni di età e organizza anche un servizio estivo.

Le iscrizioni al Nido d'infanzia comunale sono aperte ogni anno<strong> <span style="text-decoration: underline">dal 15 maggio e fino al 15 giugno</span>.</strong>

Dalla chiusura del bando, entro 30 giorni viene redatta la graduatoria per ciascuna sezione (bimbi piccoli-medi e medi-grandi) e ne viene data apposita comunicazione alle famiglie,

anche al fine di definire con il personale educativo tempi e modalità di inizio frequenza al Nido.

Al fine di individuare la retta di frequenza è possibile scaricare la <a href="https://www.comune.sestri-levante.ge.it/wp-content/uploads/2025/05/TABELLA-RETTE-NIDO-25_26.pdf">tabella dedicata alle rette</a>.

Si precisa che le tariffe vengono annualmente approvate dalla Giunta Comunale e valgono per l'anno educativo che inizia dal mese di settembre.

Il Nido d'Infanzia Comunale “Mario Lodi” è sito in Sestri Levante, via XX Settembre 39 e fa parte della rete dei servizi educativi per la prima infanzia presenti sul territorio dell’Ambito Territoriale Sociale n. 16.

Si tratta di un servizio educativo e sociale che accoglie bambini dai tre mesi fino ai trentasei mesi di età e concorre con la famiglia alla crescita del bambino, promuovendo la condivisione fra genitori delle responsabilità di cura dei figli in un quadro di pari opportunità.

Il Nido offre ai bambini una molteplicità di proposte e attività che valorizzano l’esperienza ludica, la possibilità di crescita, lo sviluppo delle potenzialità e la conquista di autonomia.

Il Nido è garantito alle famiglie 41 settimane all’anno nel periodo tra settembre e luglio.

Di norma annualmente nel mese di maggio vengono organizzati Open day per illustrare la struttura e le attività offerte dal Nido.

<strong>Normativa</strong>
<ul>
 	<li><a href="https://www.regione.liguria.it/homepage/salute-e-sociale/item/15906-linee-guida-sugli-standard-strutturali,-organizzativi-e-qualitativi-dei-servizi-socioeducativi-per-la-prima-infanzia-delibera-222-2015_15906.html">Delibera di Giunta Regionale n. 222 del 06/03/2015</a>  a oggetto “Linee guida sugli standard strutturali, organizzativi e qualitativi dei servizi socio-educativi per la prima infanzia, in attuazione dell’art. 30, comma 1, lett. d) della l.r. 9 aprile 2009, n. 6” e il relativo Allegato A</li>
 	<li><a href="https://www.regione.liguria.it/homepage/salute-e-sociale/item/17581-dgr-1016-2017.html">Delibera di Giunta Regionale n. 1016 del 13/12/2017</a>  “Indirizzi regionali per il miglioramento della qualità dei servizi socio-educativi per la prima infanzia – di cui alla <a href="https://www.regione.liguria.it/homepage/salute-e-sociale/item/15906-linee-guida-sugli-standard-strutturali,-organizzativi-e-qualitativi-dei-servizi-socioeducativi-per-la-prima-infanzia-delibera-222-2015_15906.html">Delibera di Giunta Regionale n. 222 del 06/03/2015</a>  – in materia di aspetti sanitari, di igiene degli alimenti e igienico sanitari”</li>
</ul>
&nbsp;

<strong>Note informative:</strong>
<ul>
 	<li><a href="https://www.comune.sestri-levante.ge.it/wp-content/uploads/2024/04/Note-informative-nido-dinfanzia-entrata-anticipata-e-uscita-posticipata-2025_2026.pdf">Note informative nido d'infanzia entrata anticipata e uscita posticipata a. s. 2025-2026</a></li>
 	<li><a href="https://www.comune.sestri-levante.ge.it/wp-content/uploads/2024/04/Note-informative-nido-dinfanzia-nuove-iscrizioni-2025_2026.pdf">Note informative nido d'infanzia nuove iscrizioni a. s. 2025-2026</a></li>
 	<li><a href="https://www.comune.sestri-levante.ge.it/wp-content/uploads/2024/04/Note-informative-riconferme-nido-dinfanzia-2025_2026.pdf">Note informative riconferme nido d'infanzia a. s. 2025-2026</a></li>
</ul>
&nbsp;

<em><a href="https://www.comune.sestri-levante.ge.it/wp-content/uploads/2025/05/Carta-del-Servizio-Nido-dinfanzia-Mario-Lodi.pdf"><strong>Carta del servizio</strong></a></em>
