{"id":3395,"date":"2024-01-26T14:29:02","date_gmt":"2024-01-26T13:29:02","guid":{"rendered":"https:\/\/www.comune.sestri-levante.ge.it\/?post_type=luogo&#038;p=3395"},"modified":"2025-11-19T21:39:57","modified_gmt":"2025-11-19T19:39:57","slug":"corso-colombo-50","status":"publish","type":"luogo","link":"https:\/\/www.comune.sestri-levante.ge.it\/vivere-il-comune\/luoghi\/corso-colombo-50\/","title":{"rendered":"Palazzo Fascie Rossi"},"featured_media":0,"parent":0,"template":"","argomenti":[2,42],"tipi_luogo":[],"class_list":["post-3395","luogo","type-luogo","status-publish","hentry","argomenti-accesso-allinformazione","argomenti-patrimonio-culturale"],"_edit_last":"1","_edit_lock":"1763581059:1","_dci_luogo_immagine_id":"3396","_dci_luogo_immagine":"https:\/\/www.comune.sestri-levante.ge.it\/wp-content\/uploads\/2024\/01\/Corso-colombo.jpg","_dci_luogo_descrizione_breve":"Sede della Biblioteca di Sestri Levante e del Musel","_dci_luogo_modalita_accesso":"Ascensore","_dci_luogo_indirizzo":"corso Colombo 50 Sestri Levante","_dci_luogo_posizione_gps":{"lat":"44.27239246662334","lng":"9.396223425865175"},"_dci_luogo_cap":"16039","_dci_luogo_punti_contatto":["2146","2147"],"_dci_luogo_luoghi_collegati":["3398"],"_dci_luogo_sede_di":["3394"],"_dci_luogo_orario_pubblico":"L'orario delle biblioteche comunali \u00e8 articolato come segue:\r\n\r\n<a id=\"ancorabiblioteche\" href=\"https:\/\/www.comune.sestri-levante.ge.it\/vivere-il-comune\/luoghi\/via-brin-2\/\">Biblioteca del Mare (Riva)<\/a>\r\n<ul>\r\n \t<li>luned\u00ec-mercoled\u00ec-venerd\u00ec 9-13<\/li>\r\n \t<li>marted\u00ec-gioved\u00ec 14-19.<\/li>\r\n<\/ul>\r\n<a href=\"https:\/\/www.comune.sestri-levante.ge.it\/vivere-il-comune\/luoghi\/corso-colombo-50\/\">Palazzo Fascie Rossi (corso Colombo 50)<\/a>\r\n<ul>\r\n \t<li>luned\u00ec e mercoled\u00ec 14-19<\/li>\r\n \t<li>marted\u00ec, gioved\u00ec, sabato 9-13<\/li>\r\n \t<li>venerd\u00ec 14-17<\/li>\r\n<\/ul>","_oembed_eaf4cbf70f55ca9880bf4d3d053f528e":"","_oembed_time_eaf4cbf70f55ca9880bf4d3d053f528e":"","_oembed_49e91befce127ab3aed8d1af720583b9":"","_oembed_time_49e91befce127ab3aed8d1af720583b9":"","_dci_luogo_servizi":"<ul>\r\n \t<li><a href=\"https:\/\/www.mediaterraneo.it\/il-sistema-bibliotecario\/\">Biblioteca di Palazzo Fascie Rossi<\/a><\/li>\r\n \t<li><a href=\"https:\/\/www.mediaterraneo.it\/il-sistema-museale-musel\/\">Museo archeologico e della Citt\u00e0 di Sestri Levante<\/a><\/li>\r\n<\/ul>","_dci_luogo_struttura_responsabile":["1154","2344"],"_dci_luogo_descrizione_estesa":"","_dci_luogo_quartiere":"","_dci_luogo_nome_alternativo":"","_dci_luogo_ulteriori_informazioni":"","_links":{"self":[{"href":"https:\/\/www.comune.sestri-levante.ge.it\/api\/wp\/v2\/luogo\/3395","targetHints":{"allow":["GET"]}}],"collection":[{"href":"https:\/\/www.comune.sestri-levante.ge.it\/api\/wp\/v2\/luogo"}],"about":[{"href":"https:\/\/www.comune.sestri-levante.ge.it\/api\/wp\/v2\/types\/luogo"}],"wp:attachment":[{"href":"https:\/\/www.comune.sestri-levante.ge.it\/api\/wp\/v2\/media?parent=3395"}],"wp:term":[{"taxonomy":"argomenti","embeddable":true,"href":"https:\/\/www.comune.sestri-levante.ge.it\/api\/wp\/v2\/argomenti?post=3395"},{"taxonomy":"tipi_luogo","embeddable":true,"href":"https:\/\/www.comune.sestri-levante.ge.it\/api\/wp\/v2\/tipi_luogo?post=3395"}],"curies":[{"name":"wp","href":"https:\/\/api.w.org\/{rel}","templated":true}]}}

L'orario delle biblioteche comunali è articolato come segue:

<a id="ancorabiblioteche" href="https://www.comune.sestri-levante.ge.it/vivere-il-comune/luoghi/via-brin-2/">Biblioteca del Mare (Riva)</a>
<ul>
 	<li>lunedì-mercoledì-venerdì 9-13</li>
 	<li>martedì-giovedì 14-19.</li>
</ul>
<a href="https://www.comune.sestri-levante.ge.it/vivere-il-comune/luoghi/corso-colombo-50/">Palazzo Fascie Rossi (corso Colombo 50)</a>
<ul>
 	<li>lunedì e mercoledì 14-19</li>
 	<li>martedì, giovedì, sabato 9-13</li>
 	<li>venerdì 14-17</li>
</ul>

<ul>
 	<li><a href="https://www.mediaterraneo.it/il-sistema-bibliotecario/">Biblioteca di Palazzo Fascie Rossi</a></li>
 	<li><a href="https://www.mediaterraneo.it/il-sistema-museale-musel/">Museo archeologico e della Città di Sestri Levante</a></li>
</ul>
