{"id":6796,"date":"2025-02-18T10:28:33","date_gmt":"2025-02-18T08:28:33","guid":{"rendered":"https:\/\/www.comune.sestri-levante.ge.it\/?post_type=evento&#038;p=6796"},"modified":"2025-02-18T10:28:33","modified_gmt":"2025-02-18T08:28:33","slug":"presentazione-peba-peba-piano-di-eliminazione-delle-barriere-architettoniche","status":"publish","type":"evento","link":"https:\/\/www.comune.sestri-levante.ge.it\/vivere-il-comune\/eventi\/presentazione-peba-peba-piano-di-eliminazione-delle-barriere-architettoniche\/","title":{"rendered":"Presentazione PEBA PEBA \u2013 Piano di Eliminazione delle Barriere Architettoniche"},"template":"","argomenti":[14],"tipi_evento":[185],"class_list":["post-6796","evento","type-evento","status-publish","hentry","argomenti-comunicazione-istituzionale"],"_edit_lock":"1739867170:7","_edit_last":"7","_dci_evento_data_orario_inizio":"1740420000","_dci_evento_immagine_id":"6795","_dci_evento_immagine":"https:\/\/www.comune.sestri-levante.ge.it\/wp-content\/uploads\/2025\/02\/PEBA-1.jpg","_dci_evento_descrizione_breve":"L\u2019incontro rappresenta un\u2019occasione per conoscere da vicino le soluzioni proposte dal PEBA, uno strumento pratico che guida l\u2019analisi, la progettazione e gli interventi in ottica dell'Universal Design","_dci_evento_descrizione_completa":"Luned\u00ec 24 febbraio alle ore 18, presso la Sala Bo di Palazzo Fascie Rossi, si terr\u00e0 la presentazione ufficiale del PEBA \u2013 Piano di Eliminazione delle Barriere Architettoniche adottato dalla Giunta Comunale con delibera n. 9 del 22 gennaio, un documento strategico pensato per rendere edifici pubblici e spazi urbani pi\u00f9 accessibili e inclusivi.\r\n\r\n&nbsp;\r\n\r\nL\u2019incontro, aperto a tutta la cittadinanza e ai tecnici e professionisti del settore, rappresenta un\u2019occasione per conoscere da vicino le soluzioni proposte dal PEBA, uno strumento pratico che guida l\u2019analisi, la progettazione e gli interventi in ottica di Universal Design. L\u2019obiettivo \u00e8 creare ambienti fruibili da tutti, senza distinzioni di abilit\u00e0 o condizioni, migliorando la qualit\u00e0 della vita di ogni cittadino.\r\n\r\n&nbsp;\r\n\r\nIl piano individua le priorit\u00e0 d\u2019intervento su edifici comunali fondamentali, come le sedi istituzionali, l\u2019asilo nido, le scuole dell\u2019infanzia e primarie, le biblioteche e il MuSel. Ma non si limita alla semplice rimozione di barriere fisiche: punta a una visione pi\u00f9 ampia che comprende orientamento, semplicit\u00e0 d\u2019uso, armonia degli spazi e attenzione alla vivibilit\u00e0.\r\n\r\nL\u2019obiettivo \u00e8 progettare luoghi accoglienti, senza ostacoli fisici o sensoriali, dove il design stesso comunichi in modo chiaro e intuitivo le informazioni essenziali per un utilizzo autonomo e sicuro.\r\n\r\n&nbsp;\r\n\r\nIl PEBA \u00e8 attualmente in fase di pubblicazione, con possibilit\u00e0 per chiunque di formulare osservazioni sui contenuti del Piano stesso entro il \u00a031 marzo 2025, inviandole per iscritto a mezzo pec al Comune di Sestri Levante, prima dell'approvazione finale in Consiglio Comunale.","_dci_evento_a_chi_e_rivolto":"<div>\r\n<div dir=\"auto\">\r\n<div>\r\n<div>\r\n\r\nTutta la cittadinanza, insieme alle associazioni e ai professionisti del settore, \u00e8 invitata a partecipare\r\n\r\n<\/div>\r\n<\/div>\r\n<\/div>\r\n<\/div>","_dci_evento_data_orario_fine":"1740424200","_dci_evento_punti_contatto":["2212"],"_links":{"self":[{"href":"https:\/\/www.comune.sestri-levante.ge.it\/api\/wp\/v2\/evento\/6796","targetHints":{"allow":["GET"]}}],"collection":[{"href":"https:\/\/www.comune.sestri-levante.ge.it\/api\/wp\/v2\/evento"}],"about":[{"href":"https:\/\/www.comune.sestri-levante.ge.it\/api\/wp\/v2\/types\/evento"}],"wp:attachment":[{"href":"https:\/\/www.comune.sestri-levante.ge.it\/api\/wp\/v2\/media?parent=6796"}],"wp:term":[{"taxonomy":"argomenti","embeddable":true,"href":"https:\/\/www.comune.sestri-levante.ge.it\/api\/wp\/v2\/argomenti?post=6796"},{"taxonomy":"tipi_evento","embeddable":true,"href":"https:\/\/www.comune.sestri-levante.ge.it\/api\/wp\/v2\/tipi_evento?post=6796"}],"curies":[{"name":"wp","href":"https:\/\/api.w.org\/{rel}","templated":true}]}}

Lunedì 24 febbraio alle ore 18, presso la Sala Bo di Palazzo Fascie Rossi, si terrà la presentazione ufficiale del PEBA – Piano di Eliminazione delle Barriere Architettoniche adottato dalla Giunta Comunale con delibera n. 9 del 22 gennaio, un documento strategico pensato per rendere edifici pubblici e spazi urbani più accessibili e inclusivi.

&nbsp;

L’incontro, aperto a tutta la cittadinanza e ai tecnici e professionisti del settore, rappresenta un’occasione per conoscere da vicino le soluzioni proposte dal PEBA, uno strumento pratico che guida l’analisi, la progettazione e gli interventi in ottica di Universal Design. L’obiettivo è creare ambienti fruibili da tutti, senza distinzioni di abilità o condizioni, migliorando la qualità della vita di ogni cittadino.

&nbsp;

Il piano individua le priorità d’intervento su edifici comunali fondamentali, come le sedi istituzionali, l’asilo nido, le scuole dell’infanzia e primarie, le biblioteche e il MuSel. Ma non si limita alla semplice rimozione di barriere fisiche: punta a una visione più ampia che comprende orientamento, semplicità d’uso, armonia degli spazi e attenzione alla vivibilità.

L’obiettivo è progettare luoghi accoglienti, senza ostacoli fisici o sensoriali, dove il design stesso comunichi in modo chiaro e intuitivo le informazioni essenziali per un utilizzo autonomo e sicuro.

&nbsp;

Il PEBA è attualmente in fase di pubblicazione, con possibilità per chiunque di formulare osservazioni sui contenuti del Piano stesso entro il  31 marzo 2025, inviandole per iscritto a mezzo pec al Comune di Sestri Levante, prima dell'approvazione finale in Consiglio Comunale.

<div>
<div dir="auto">
<div>
<div>

Tutta la cittadinanza, insieme alle associazioni e ai professionisti del settore, è invitata a partecipare

</div>
</div>
</div>
</div>
