{"id":6603,"date":"2025-01-22T09:20:50","date_gmt":"2025-01-22T07:20:50","guid":{"rendered":"https:\/\/www.comune.sestri-levante.ge.it\/?post_type=evento&#038;p=6603"},"modified":"2025-02-04T12:39:48","modified_gmt":"2025-02-04T10:39:48","slug":"prevedere-limprevedibile","status":"publish","type":"evento","link":"https:\/\/www.comune.sestri-levante.ge.it\/vivere-il-comune\/eventi\/prevedere-limprevedibile\/","title":{"rendered":"Prevedere l&#8217;imprevedibile?"},"template":"","argomenti":[49],"tipi_evento":[183],"class_list":["post-6603","evento","type-evento","status-publish","hentry","argomenti-protezione-civile"],"_edit_lock":"1738839580:7","_edit_last":"7","_dci_evento_data_orario_inizio":"1739811600","_dci_evento_immagine_id":"6734","_dci_evento_immagine":"https:\/\/www.comune.sestri-levante.ge.it\/wp-content\/uploads\/2025\/01\/locandine-per-IG-10-1.png","_dci_evento_descrizione_breve":"Proveranno a rispondere alla domanda l\u2019Ing. Paolo Gollo\u00a0e l\u2019Ing. Federico Grasso\u00a0di ARPAL, che approfondiranno i temi legati alla meteorologia e alla gestione dei rischi ambientali collegati agli eventi estremi","_dci_evento_descrizione_completa":"\u201cPrevedere l\u2019imprevedibile?\u201d \u00e8 il titolo dell\u2019incontro rivolto alla cittadinanza nell\u2019ambito della prevenzione e della Protezione Civile, organizzato dal Comune di Sestri Levante in collaborazione con ARPAL, che si terr\u00e0 il prossimo luned\u00ec 17 febbraio alle ore 17:30 presso la Sala Bo di Palazzo Fascie Rossi.\r\n\r\n&nbsp;\r\n\r\nProveranno a rispondere alla domanda l\u2019<strong>Ing. Paolo Gollo\u00a0<\/strong>e l\u2019<strong>Ing. Federico Grasso<\/strong>\u00a0di ARPAL, che approfondiranno i temi legati alla meteorologia e alla gestione dei rischi ambientali collegati agli eventi estremi, con particolare attenzione al nostro contesto.\r\n\r\n&nbsp;\r\n\r\nDurante l\u2019incontro verr\u00e0 illustrato come nascono le previsioni meteo e cosa vuol dire allerta meteo: capacit\u00e0 e affidabilit\u00e0 previsionale, gli scenari di rischio, l\u2019allerta previsionale e le fasi operative, il monitoraggio in corso di evento.\r\n\r\n&nbsp;\r\n\r\nUn\u2019attenzione particolare sar\u00e0 dedicata agli strumenti a disposizione dei cittadini per consultare dati e informazioni affidabili: saranno illustrati i prodotti ufficiali disponibili, come l\u2019app \u201cMeteo 3R\u201d, e verranno forniti consigli utili per riconoscere le parole chiave da tenere a mente e contrastare la diffusione di fake news che possono generare confusione.\r\n\r\nLa parte finale dell\u2019incontro affronter\u00e0 il tema della mitigazione e dell\u2019adattamento: si discuter\u00e0 di come le allerte possano diventare strumenti fondamentali di gestione per prevenire situazioni ingestibili e affrontare in modo consapevole e organizzato quelle evitabili. Un\u2019occasione preziosa per comprendere meglio l\u2019importanza della prevenzione e per acquisire strumenti pratici per la tutela collettiva.\r\n\r\n&nbsp;","_dci_evento_a_chi_e_rivolto":"Tutta la cittadinanza","_dci_evento_data_orario_fine":"1739818800","_dci_evento_punti_contatto":["2212"],"_links":{"self":[{"href":"https:\/\/www.comune.sestri-levante.ge.it\/api\/wp\/v2\/evento\/6603","targetHints":{"allow":["GET"]}}],"collection":[{"href":"https:\/\/www.comune.sestri-levante.ge.it\/api\/wp\/v2\/evento"}],"about":[{"href":"https:\/\/www.comune.sestri-levante.ge.it\/api\/wp\/v2\/types\/evento"}],"wp:attachment":[{"href":"https:\/\/www.comune.sestri-levante.ge.it\/api\/wp\/v2\/media?parent=6603"}],"wp:term":[{"taxonomy":"argomenti","embeddable":true,"href":"https:\/\/www.comune.sestri-levante.ge.it\/api\/wp\/v2\/argomenti?post=6603"},{"taxonomy":"tipi_evento","embeddable":true,"href":"https:\/\/www.comune.sestri-levante.ge.it\/api\/wp\/v2\/tipi_evento?post=6603"}],"curies":[{"name":"wp","href":"https:\/\/api.w.org\/{rel}","templated":true}]}}

“Prevedere l’imprevedibile?” è il titolo dell’incontro rivolto alla cittadinanza nell’ambito della prevenzione e della Protezione Civile, organizzato dal Comune di Sestri Levante in collaborazione con ARPAL, che si terrà il prossimo lunedì 17 febbraio alle ore 17:30 presso la Sala Bo di Palazzo Fascie Rossi.

&nbsp;

Proveranno a rispondere alla domanda l’<strong>Ing. Paolo Gollo </strong>e l’<strong>Ing. Federico Grasso</strong> di ARPAL, che approfondiranno i temi legati alla meteorologia e alla gestione dei rischi ambientali collegati agli eventi estremi, con particolare attenzione al nostro contesto.

&nbsp;

Durante l’incontro verrà illustrato come nascono le previsioni meteo e cosa vuol dire allerta meteo: capacità e affidabilità previsionale, gli scenari di rischio, l’allerta previsionale e le fasi operative, il monitoraggio in corso di evento.

&nbsp;

Un’attenzione particolare sarà dedicata agli strumenti a disposizione dei cittadini per consultare dati e informazioni affidabili: saranno illustrati i prodotti ufficiali disponibili, come l’app “Meteo 3R”, e verranno forniti consigli utili per riconoscere le parole chiave da tenere a mente e contrastare la diffusione di fake news che possono generare confusione.

La parte finale dell’incontro affronterà il tema della mitigazione e dell’adattamento: si discuterà di come le allerte possano diventare strumenti fondamentali di gestione per prevenire situazioni ingestibili e affrontare in modo consapevole e organizzato quelle evitabili. Un’occasione preziosa per comprendere meglio l’importanza della prevenzione e per acquisire strumenti pratici per la tutela collettiva.

&nbsp;
