{"id":6499,"date":"2024-12-16T22:34:39","date_gmt":"2024-12-16T20:34:39","guid":{"rendered":"https:\/\/www.comune.sestri-levante.ge.it\/?post_type=evento&#038;p=6499"},"modified":"2024-12-17T11:18:53","modified_gmt":"2024-12-17T09:18:53","slug":"presentazione-del-libro-volevo-solo-fare-la-calciatrice-di-alice-pignagnoli","status":"publish","type":"evento","link":"https:\/\/www.comune.sestri-levante.ge.it\/vivere-il-comune\/eventi\/presentazione-del-libro-volevo-solo-fare-la-calciatrice-di-alice-pignagnoli\/","title":{"rendered":"Presentazione del libro \u201cVolevo solo fare la calciatrice\u201d di Alice Pignagnoli"},"template":"","argomenti":[],"tipi_evento":[161],"class_list":["post-6499","evento","type-evento","status-publish","hentry"],"_edit_lock":"1734457770:7","_edit_last":"7","_dci_evento_data_orario_inizio":"1734879600","_dci_evento_immagine_id":"6500","_dci_evento_immagine":"https:\/\/www.comune.sestri-levante.ge.it\/wp-content\/uploads\/2024\/12\/81LyIA2syFL._UF10001000_QL80_.jpg","_dci_evento_descrizione_breve":"Introduce Silvia De Blasio, responsabile del settore femminile dell\u2019U.S. Sestri Levante. Intervengono Camilla Lupatelli, psicologa del Sestri Levante Academy, e Mara Morin, delegata attivit\u00e0 di base FIGC. Modera Luca Lavagetto, giornalista sportivo","_dci_evento_descrizione_completa":"Domenica 22 dicembre, alle ore 15:30, presso la Sala Agave del Convento dell'Annunziata a Sestri Levante, si terr\u00e0 la presentazione del libro \"Volevo solo fare la calciatrice\" di <strong>Alice Pignagnoli<\/strong>, edito da Minerva. L\u2019evento sar\u00e0 introdotto da <strong>Silvia De Blasio<\/strong>, responsabile del settore femminile dell\u2019U.S. Sestri Levante. Interverranno <strong>Camilla Lupatelli<\/strong>, psicologa del Sestri Levante Academy, e <strong>Mara Morin<\/strong>, delegata attivit\u00e0 di base FIGC. A moderare l\u2019incontro sar\u00e0 <strong>Luca Lavagetto<\/strong>, giornalista sportivo.\r\n\r\n&nbsp;\r\n\r\nA partire dalle 10:30, saranno inoltre organizzati laboratori per bambini e ragazzi sul tema della parit\u00e0 di genere.\r\n\r\n&nbsp;\r\n\r\nIl libro racconta la storia intensa e autentica di Alice Pignagnoli, calciatrice professionista che ha inseguito il proprio sogno affrontando sacrifici, sconfitte e discriminazioni di genere, ma anche sfide personali e sociali. Attraverso le sue esperienze, Alice ci invita a riflettere sull\u2019importanza della determinazione, della volont\u00e0 e della resilienza, affrontando tematiche ancora attuali come il ruolo delle donne nello sport e nella societ\u00e0.\r\n\r\n&nbsp;\r\n\r\n&nbsp;\r\n\r\n<strong>Biografia dell\u2019autrice<\/strong>\r\nAlice Pignagnoli \u00e8 nata a Reggio Emilia, il 14 marzo del 1988. Si \u00e8 laureata alla Iulm di Milano con una tesi sulla rappresentazione della donna nei media, con il voto finale di 110\/110.\r\n\r\n&nbsp;\r\n\r\n\u00c8 portiere di calcio, con oltre 250 presenze tra Serie A e Serie B.\r\n\r\n&nbsp;\r\n\r\n\u00c8 blogger, formatrice e testimonial di diversi marchi sportivi e non.\r\n\r\n&nbsp;\r\n\r\nSposata con Luca Lionetti dal 2016, nel 2020 \u00e8 diventata mamma di Eva, balzando agli onori delle cronache per il rinnovo del contratto al settimo mese di gravidanza e il rientro in campo lampo, a soli 100 giorni dal parto.\r\n\r\n&nbsp;\r\n\r\nAnche la sua seconda gravidanza, nell'autunno 2022 \u00e8 stata al centro di un ciclone mediatico, a causa del tentativo di licenziamento della Lucchese, societ\u00e0 con cui era tesserata e delle conseguenti polemiche. A Giugno 2023 \u00e8 nato Mattia e a Gennaio 2024 \u00e8 rientrata nuovamente in campo con il Ravenna, squadra che milita nel campionato nazionale di serie B.\r\n\r\n&nbsp;\r\n\r\nL\u2019evento \u00e8 organizzato dal Comune di Sestri Levante, con il supporto di Mediaterraneo Servizi e il patrocinio di Zonta Club of Portofino, che si impegna attivamente per l\u2019empowerment femminile e la promozione delle pari opportunit\u00e0.\r\n\r\n&nbsp;\r\n\r\nL\u2019ingresso \u00e8 libero e gratuito.","_dci_evento_a_chi_e_rivolto":"Tutta la cittadinanza","_dci_evento_data_orario_fine":"1734890400","_dci_evento_punti_contatto":["3483","3470"],"_links":{"self":[{"href":"https:\/\/www.comune.sestri-levante.ge.it\/api\/wp\/v2\/evento\/6499","targetHints":{"allow":["GET"]}}],"collection":[{"href":"https:\/\/www.comune.sestri-levante.ge.it\/api\/wp\/v2\/evento"}],"about":[{"href":"https:\/\/www.comune.sestri-levante.ge.it\/api\/wp\/v2\/types\/evento"}],"wp:attachment":[{"href":"https:\/\/www.comune.sestri-levante.ge.it\/api\/wp\/v2\/media?parent=6499"}],"wp:term":[{"taxonomy":"argomenti","embeddable":true,"href":"https:\/\/www.comune.sestri-levante.ge.it\/api\/wp\/v2\/argomenti?post=6499"},{"taxonomy":"tipi_evento","embeddable":true,"href":"https:\/\/www.comune.sestri-levante.ge.it\/api\/wp\/v2\/tipi_evento?post=6499"}],"curies":[{"name":"wp","href":"https:\/\/api.w.org\/{rel}","templated":true}]}}

Introduce Silvia De Blasio, responsabile del settore femminile dell’U.S. Sestri Levante. Intervengono Camilla Lupatelli, psicologa del Sestri Levante Academy, e Mara Morin, delegata attività di base FIGC. Modera Luca Lavagetto, giornalista sportivo

Domenica 22 dicembre, alle ore 15:30, presso la Sala Agave del Convento dell'Annunziata a Sestri Levante, si terrà la presentazione del libro "Volevo solo fare la calciatrice" di <strong>Alice Pignagnoli</strong>, edito da Minerva. L’evento sarà introdotto da <strong>Silvia De Blasio</strong>, responsabile del settore femminile dell’U.S. Sestri Levante. Interverranno <strong>Camilla Lupatelli</strong>, psicologa del Sestri Levante Academy, e <strong>Mara Morin</strong>, delegata attività di base FIGC. A moderare l’incontro sarà <strong>Luca Lavagetto</strong>, giornalista sportivo.

&nbsp;

A partire dalle 10:30, saranno inoltre organizzati laboratori per bambini e ragazzi sul tema della parità di genere.

&nbsp;

Il libro racconta la storia intensa e autentica di Alice Pignagnoli, calciatrice professionista che ha inseguito il proprio sogno affrontando sacrifici, sconfitte e discriminazioni di genere, ma anche sfide personali e sociali. Attraverso le sue esperienze, Alice ci invita a riflettere sull’importanza della determinazione, della volontà e della resilienza, affrontando tematiche ancora attuali come il ruolo delle donne nello sport e nella società.

&nbsp;

&nbsp;

<strong>Biografia dell’autrice</strong>
Alice Pignagnoli è nata a Reggio Emilia, il 14 marzo del 1988. Si è laureata alla Iulm di Milano con una tesi sulla rappresentazione della donna nei media, con il voto finale di 110/110.

&nbsp;

È portiere di calcio, con oltre 250 presenze tra Serie A e Serie B.

&nbsp;

È blogger, formatrice e testimonial di diversi marchi sportivi e non.

&nbsp;

Sposata con Luca Lionetti dal 2016, nel 2020 è diventata mamma di Eva, balzando agli onori delle cronache per il rinnovo del contratto al settimo mese di gravidanza e il rientro in campo lampo, a soli 100 giorni dal parto.

&nbsp;

Anche la sua seconda gravidanza, nell'autunno 2022 è stata al centro di un ciclone mediatico, a causa del tentativo di licenziamento della Lucchese, società con cui era tesserata e delle conseguenti polemiche. A Giugno 2023 è nato Mattia e a Gennaio 2024 è rientrata nuovamente in campo con il Ravenna, squadra che milita nel campionato nazionale di serie B.

&nbsp;

L’evento è organizzato dal Comune di Sestri Levante, con il supporto di Mediaterraneo Servizi e il patrocinio di Zonta Club of Portofino, che si impegna attivamente per l’empowerment femminile e la promozione delle pari opportunità.

&nbsp;

L’ingresso è libero e gratuito.
