{"id":47293,"date":"2025-12-03T15:59:38","date_gmt":"2025-12-03T13:59:38","guid":{"rendered":"https:\/\/www.comune.sestri-levante.ge.it\/?post_type=evento&#038;p=47293"},"modified":"2025-12-03T15:59:38","modified_gmt":"2025-12-03T13:59:38","slug":"corteo-musicale-animazione-per-bambini-e-accensione-del-grande-albero-di-natale-in-piazza-matteotti","status":"publish","type":"evento","link":"https:\/\/www.comune.sestri-levante.ge.it\/vivere-il-comune\/eventi\/corteo-musicale-animazione-per-bambini-e-accensione-del-grande-albero-di-natale-in-piazza-matteotti\/","title":{"rendered":"Corteo musicale, animazione per bambini e accensione del grande albero di Natale in Piazza Matteotti"},"template":"","argomenti":[59],"tipi_evento":[185],"class_list":["post-47293","evento","type-evento","status-publish","hentry","argomenti-turismo"],"_edit_lock":"1764770247:7","_edit_last":"7","_dci_evento_data_orario_inizio":"1765040400","_dci_evento_immagine_id":"47294","_dci_evento_immagine":"https:\/\/www.comune.sestri-levante.ge.it\/wp-content\/uploads\/2025\/12\/accensione-albero.jpeg","_dci_evento_descrizione_breve":"Un momento di gioia e condivisione per tutta la citt\u00e0, che si raccoglie nel giorno del patrono San Nicol\u00f2 per vivere insieme l\u2019atmosfera pi\u00f9 luminosa dell\u2019anno","_dci_evento_descrizione_completa":"La magia del Natale arriva nel cuore di Sestri Levante con la cerimonia di accensione del grande albero di Natale, posizionato in Piazza Matteotti, davanti alla Basilica di Santa Maria di Nazareth.\r\nUn momento di gioia e condivisione per tutta la citt\u00e0, che si raccoglie nel giorno del patrono San Nicol\u00f2 per vivere insieme l\u2019atmosfera pi\u00f9 luminosa dell\u2019anno.\r\n\r\nL\u2019appuntamento \u00e8 alle ore 17 in Piazza Bo, dove i bambini potranno divertirsi con il trucca bimbi a cura di Hakuna Matata. Da qui partir\u00e0 un allegro corteo musicale, accompagnato dalla Societ\u00e0 Filarmonica di Sestri Levante e dall\u2019animazione dell\u2019Ippa natalizia, che attraverser\u00e0 le vie del centro storico. Il percorso si concluder\u00e0 in Piazza Matteotti, dove si svolger\u00e0 la cerimonia simbolica di accensione dell\u2019albero, tra emozioni, luci e musica.\r\nAd attendere i pi\u00f9 piccoli ci sar\u00e0 Babbo Natale, che accoglier\u00e0 bambini e famiglie nell\u2019atrio del palazzo comunale per ricevere letterine e desideri, ogni fine settimana di dicembre dalle 15 alle 18.\r\n\r\nUn pomeriggio magico per inaugurare insieme una nuova tradizione natalizia con cioccolata calda per tutti offerta dalla Croce Verde di Sestri Levante.","_dci_evento_a_chi_e_rivolto":"Tutta la cittadinanza","_dci_evento_data_orario_fine":"","_dci_evento_punti_contatto":["3483","3482"],"_links":{"self":[{"href":"https:\/\/www.comune.sestri-levante.ge.it\/api\/wp\/v2\/evento\/47293","targetHints":{"allow":["GET"]}}],"collection":[{"href":"https:\/\/www.comune.sestri-levante.ge.it\/api\/wp\/v2\/evento"}],"about":[{"href":"https:\/\/www.comune.sestri-levante.ge.it\/api\/wp\/v2\/types\/evento"}],"wp:attachment":[{"href":"https:\/\/www.comune.sestri-levante.ge.it\/api\/wp\/v2\/media?parent=47293"}],"wp:term":[{"taxonomy":"argomenti","embeddable":true,"href":"https:\/\/www.comune.sestri-levante.ge.it\/api\/wp\/v2\/argomenti?post=47293"},{"taxonomy":"tipi_evento","embeddable":true,"href":"https:\/\/www.comune.sestri-levante.ge.it\/api\/wp\/v2\/tipi_evento?post=47293"}],"curies":[{"name":"wp","href":"https:\/\/api.w.org\/{rel}","templated":true}]}}

Un momento di gioia e condivisione per tutta la città, che si raccoglie nel giorno del patrono San Nicolò per vivere insieme l’atmosfera più luminosa dell’anno

La magia del Natale arriva nel cuore di Sestri Levante con la cerimonia di accensione del grande albero di Natale, posizionato in Piazza Matteotti, davanti alla Basilica di Santa Maria di Nazareth.
Un momento di gioia e condivisione per tutta la città, che si raccoglie nel giorno del patrono San Nicolò per vivere insieme l’atmosfera più luminosa dell’anno.

L’appuntamento è alle ore 17 in Piazza Bo, dove i bambini potranno divertirsi con il trucca bimbi a cura di Hakuna Matata. Da qui partirà un allegro corteo musicale, accompagnato dalla Società Filarmonica di Sestri Levante e dall’animazione dell’Ippa natalizia, che attraverserà le vie del centro storico. Il percorso si concluderà in Piazza Matteotti, dove si svolgerà la cerimonia simbolica di accensione dell’albero, tra emozioni, luci e musica.
Ad attendere i più piccoli ci sarà Babbo Natale, che accoglierà bambini e famiglie nell’atrio del palazzo comunale per ricevere letterine e desideri, ogni fine settimana di dicembre dalle 15 alle 18.

Un pomeriggio magico per inaugurare insieme una nuova tradizione natalizia con cioccolata calda per tutti offerta dalla Croce Verde di Sestri Levante.
